{"id":245,"date":"2022-05-24T18:06:55","date_gmt":"2022-05-24T18:06:55","guid":{"rendered":"https:\/\/berlin-pixels.de\/?page_id=245"},"modified":"2022-05-24T18:06:56","modified_gmt":"2022-05-24T18:06:56","slug":"9-november-1989-3","status":"publish","type":"page","link":"https:\/\/berlin-pixels.de\/?page_id=245","title":{"rendered":"9. November 1989"},"content":{"rendered":"<div class=\"standard_wrapper\">\n<div  class=\"one\" style=\"padding:30px 0 30px 0;\" >\n<div class=\"page_content_wrapper nopadding\">\n<div class=\"inner\">\n<div class=\"slider_wrapper\" data-autoplay=\"1\" data-timer=\"5\">\n<div class=\"flexslider tg_gallery \" data-height=\"750\">\n<ul class=\"slides\">\n<li><img decoding=\"async\" src=\"https:\/\/berlin-pixels.de\/wp-content\/uploads\/2022\/05\/9_NOVEMBER-1989-erster-Mauerspecht-am-Brandenburger-Tor.jpg.jpg\" alt=\"\"\/>\n<div class=\"gallery_image_caption\">9. November 1989, erster Mauerspecht am Brandenburger Tor<\/div>\n<\/li>\n<li><img decoding=\"async\" src=\"https:\/\/berlin-pixels.de\/wp-content\/uploads\/2022\/05\/9_November-1989-Paar-mit-Pudel-am-Grenzuebergang-Invalidenstrasse.jpg.jpg\" alt=\"\"\/>\n<div class=\"gallery_image_caption\"><\/div>\n<\/li>\n<li><img decoding=\"async\" src=\"https:\/\/berlin-pixels.de\/wp-content\/uploads\/2022\/05\/9_NOVEMBER-1989-Grenzuebergang-Invalidenstrasse-Blumenauto.jpg.jpg\" alt=\"\"\/>\n<div class=\"gallery_image_caption\"><\/div>\n<\/li>\n<li><img decoding=\"async\" src=\"https:\/\/berlin-pixels.de\/wp-content\/uploads\/2022\/05\/9_NOVEMBER-1989-Brandenburger-Tor-Pariser-Platz.jpg.jpg\" alt=\"\"\/>\n<div class=\"gallery_image_caption\">9. November 1989, das Brandenburger Tor wird nach Mitternacht auf Ost-Berliner Seite von Grenzsoldaten und Volkspolizei abgesperrt<\/div>\n<\/li>\n<li><img decoding=\"async\" src=\"https:\/\/berlin-pixels.de\/wp-content\/uploads\/2022\/05\/9_NOVEMBER-1989-Brandenburger-Tor-Grenzsoldaten.jpg.jpg\" alt=\"\"\/>\n<div class=\"gallery_image_caption\">Berlin, 9. November 1989: Nach Mitternacht versuchen Einheiten von Grenzsoldaten und Volkspolizei, den Platz vor der Mauer in Ost-Berlin abzusperren.<\/div>\n<\/li>\n<li><img decoding=\"async\" src=\"https:\/\/berlin-pixels.de\/wp-content\/uploads\/2022\/05\/9_NOVEMBER-1989-Brandenburger-Tor-Scheinwerfer.jpg.jpg\" alt=\"\"\/>\n<div class=\"gallery_image_caption\">Scheinwerfer beleuchten die Mauer am Brandenburger Tor in Berlin, 9. November 1989<\/div>\n<\/li>\n<li><img decoding=\"async\" src=\"https:\/\/berlin-pixels.de\/wp-content\/uploads\/2022\/05\/9_NOVEMBER-1989-Mauerkletterer-3.jpg.jpg\" alt=\"\"\/>\n<div class=\"gallery_image_caption\"><\/div>\n<\/li>\n<li><img decoding=\"async\" src=\"https:\/\/berlin-pixels.de\/wp-content\/uploads\/2022\/05\/9_NOVEMBER-1989-Brandenburger-Tor-Mauerspecht-mit-Hut.jpg.jpg\" alt=\"\"\/>\n<div class=\"gallery_image_caption\">Berlin, 9. November 1989: Ein Mann mit Hut beginnt symbolisch mit dem Abri\u00df der Mauer<\/div>\n<\/li>\n<li><img decoding=\"async\" src=\"https:\/\/berlin-pixels.de\/wp-content\/uploads\/2022\/05\/9_NOVEMBER-1989-Brandenburger-Tor.jpg.jpg\" alt=\"\"\/>\n<div class=\"gallery_image_caption\">Berlin, 9. November 1989: Der Fotograf J\u00f6rg Joachim Riehle auf der Mauer am Brandenburger Tor<\/div>\n<\/li>\n<li><img decoding=\"async\" src=\"https:\/\/berlin-pixels.de\/wp-content\/uploads\/2022\/05\/9_NOVEMBER-1989_Walter-Momper_Invalidenstrasse.jpg.jpg\" alt=\"\"\/>\n<div class=\"gallery_image_caption\">Berlin, 9. November 1989, Grenz\u00fcbergang Invalidenstra\u00dfe: Der Regierende B\u00fcrgermeister Walter Momper klettert aus einem Polizeiauto und fordert die West-Berliner auf, Platz zu machen f\u00fcr die Grenzg\u00e4nger aus Ost-Berlin.<\/div>\n<\/li>\n<\/ul>\n<\/div>\n<\/div>\n<\/div>\n<\/div>\n<\/div>\n<\/div>\n","protected":false},"excerpt":{"rendered":"","protected":false},"author":1,"featured_media":0,"parent":0,"menu_order":0,"comment_status":"closed","ping_status":"closed","template":"","meta":{"footnotes":""},"class_list":["post-245","page","type-page","status-publish","hentry"],"_links":{"self":[{"href":"https:\/\/berlin-pixels.de\/index.php?rest_route=\/wp\/v2\/pages\/245","targetHints":{"allow":["GET"]}}],"collection":[{"href":"https:\/\/berlin-pixels.de\/index.php?rest_route=\/wp\/v2\/pages"}],"about":[{"href":"https:\/\/berlin-pixels.de\/index.php?rest_route=\/wp\/v2\/types\/page"}],"author":[{"embeddable":true,"href":"https:\/\/berlin-pixels.de\/index.php?rest_route=\/wp\/v2\/users\/1"}],"replies":[{"embeddable":true,"href":"https:\/\/berlin-pixels.de\/index.php?rest_route=%2Fwp%2Fv2%2Fcomments&post=245"}],"version-history":[{"count":2,"href":"https:\/\/berlin-pixels.de\/index.php?rest_route=\/wp\/v2\/pages\/245\/revisions"}],"predecessor-version":[{"id":248,"href":"https:\/\/berlin-pixels.de\/index.php?rest_route=\/wp\/v2\/pages\/245\/revisions\/248"}],"wp:attachment":[{"href":"https:\/\/berlin-pixels.de\/index.php?rest_route=%2Fwp%2Fv2%2Fmedia&parent=245"}],"curies":[{"name":"wp","href":"https:\/\/api.w.org\/{rel}","templated":true}]}}

<div class="standard_wrapper">
<div  class="one" style="padding:30px 0 30px 0;" >
<div class="page_content_wrapper nopadding">
<div class="inner">
<div class="slider_wrapper" data-autoplay="1" data-timer="5">
<div class="flexslider tg_gallery " data-height="750">
<ul class="slides">
<li><img decoding="async" src="https://berlin-pixels.de/wp-content/uploads/2022/05/9_NOVEMBER-1989-erster-Mauerspecht-am-Brandenburger-Tor.jpg.jpg" alt=""/>
<div class="gallery_image_caption">9. November 1989, erster Mauerspecht am Brandenburger Tor</div>
</li>
<li><img decoding="async" src="https://berlin-pixels.de/wp-content/uploads/2022/05/9_November-1989-Paar-mit-Pudel-am-Grenzuebergang-Invalidenstrasse.jpg.jpg" alt=""/>
<div class="gallery_image_caption"></div>
</li>
<li><img decoding="async" src="https://berlin-pixels.de/wp-content/uploads/2022/05/9_NOVEMBER-1989-Grenzuebergang-Invalidenstrasse-Blumenauto.jpg.jpg" alt=""/>
<div class="gallery_image_caption"></div>
</li>
<li><img decoding="async" src="https://berlin-pixels.de/wp-content/uploads/2022/05/9_NOVEMBER-1989-Brandenburger-Tor-Pariser-Platz.jpg.jpg" alt=""/>
<div class="gallery_image_caption">9. November 1989, das Brandenburger Tor wird nach Mitternacht auf Ost-Berliner Seite von Grenzsoldaten und Volkspolizei abgesperrt</div>
</li>
<li><img decoding="async" src="https://berlin-pixels.de/wp-content/uploads/2022/05/9_NOVEMBER-1989-Brandenburger-Tor-Grenzsoldaten.jpg.jpg" alt=""/>
<div class="gallery_image_caption">Berlin, 9. November 1989: Nach Mitternacht versuchen Einheiten von Grenzsoldaten und Volkspolizei, den Platz vor der Mauer in Ost-Berlin abzusperren.</div>
</li>
<li><img decoding="async" src="https://berlin-pixels.de/wp-content/uploads/2022/05/9_NOVEMBER-1989-Brandenburger-Tor-Scheinwerfer.jpg.jpg" alt=""/>
<div class="gallery_image_caption">Scheinwerfer beleuchten die Mauer am Brandenburger Tor in Berlin, 9. November 1989</div>
</li>
<li><img decoding="async" src="https://berlin-pixels.de/wp-content/uploads/2022/05/9_NOVEMBER-1989-Mauerkletterer-3.jpg.jpg" alt=""/>
<div class="gallery_image_caption"></div>
</li>
<li><img decoding="async" src="https://berlin-pixels.de/wp-content/uploads/2022/05/9_NOVEMBER-1989-Brandenburger-Tor-Mauerspecht-mit-Hut.jpg.jpg" alt=""/>
<div class="gallery_image_caption">Berlin, 9. November 1989: Ein Mann mit Hut beginnt symbolisch mit dem Abriß der Mauer</div>
</li>
<li><img decoding="async" src="https://berlin-pixels.de/wp-content/uploads/2022/05/9_NOVEMBER-1989-Brandenburger-Tor.jpg.jpg" alt=""/>
<div class="gallery_image_caption">Berlin, 9. November 1989: Der Fotograf Jörg Joachim Riehle auf der Mauer am Brandenburger Tor</div>
</li>
<li><img decoding="async" src="https://berlin-pixels.de/wp-content/uploads/2022/05/9_NOVEMBER-1989_Walter-Momper_Invalidenstrasse.jpg.jpg" alt=""/>
<div class="gallery_image_caption">Berlin, 9. November 1989, Grenzübergang Invalidenstraße: Der Regierende Bürgermeister Walter Momper klettert aus einem Polizeiauto und fordert die West-Berliner auf, Platz zu machen für die Grenzgänger aus Ost-Berlin.</div>
</li>
</ul>
</div>
</div>
</div>
</div>
</div>
</div>
